 -2. Let s(h) = -2*h - 1. What is s(o)?
5
Let n(i) be the first derivative of i**4/4 + 8*i**3/3 + 6*i**2 + 6*i - 337. Determine n(-6).
6
Let w = -319 + 322. Let z(p) be the third derivative of 0*p**w + 0*p - 1/6*p**4 + 0 + 5*p**2 + 1/30*p**5. Give z(3).
6
Let c(t) be the second derivative of -17*t + 1/3*t**3 + 0 - t**2. Calculate c(-2).
-6
Let b(r) = r**2 - 6*r - 1. Suppose -4*n + 29 = 5. Suppose -5*g + y = -16, g - 3*y + 32 = n*g. Give b(g).
-9
Let z(s) = -4*s - 26. Suppose 2*l + c = -6, 5*c - 8 - 7 = -l. What is z(l)?
-6
Let f(m) = -m**2 + m + 4. Let l = -6 - -4. Let v be -1 - 0 - (l + -5). Suppose 3*a - a - v = 0. Determine f(a).
-2
Let h(m) be the second derivative of -m**3/6 - 4*m**2 + 3*m. Let o(w) = 2*w + 17. Let i be -2*3/(-6)*-3. Let k(n) = i*o(n) - 7*h(n). Give k(0).
5
Let g(j) = -j**3 - 3*j**2 + 1. Let y be g(-3). Let n(u) = 10*u**2 + 6*u + 1. Let c(z) = 11*z**2 + 8*z + 1. Let k(t) = -3*c(t) + 4*n(t). What is k(y)?
8
Let r = 4 + -9. Let d = r + 5. Suppose d*n - 4*n - 24 = 0. Let o(c) = -c**2 - 6*c + 3. What is o(n)?
3
Let f(l) = -11*l**2 - 12*l + 6. Let m(t) = -17*t**2 - 19*t + 10. Let k(o) = -8*f(o) + 5*m(o). What is k(-1)?
4
Let y be 8 + -13 + (-2)/(6/(-15)). Let x(w) = w**3 + 4 + 2 + 2*w**2 - 3*w**2. Determine x(y).
6
Let d(j) = 5*j + 13. Let x = -310 + 306. What is d(x)?
-7
Let a(o) = o - 44. Suppose 0 = -4*c - 0*c. What is a(c)?
-44
Let n(r) = 3*r**2. Let l(t) = -20*t**2 - 2*t - 1. Let u(a) = l(a) + 4*n(a). What is u(-1)?
-7
Let p(u) = -u**2 + 4*u + 5. Let s be (447/6 - -2)/(9/(-12)). Let o be (-2)/8 + s/(-24). Give p(o).
5
Suppose 5*l - 9 = 3*v + 8*l, -3*l = -4*v - 19. Let q(s) = 3*s**2 + 5*s + 2. What is q(v)?
30
Let f(t) = -t**3 + 7*t**2 - 3*t - 10. Suppose 16 + 0 = 2*h + 2*g, -30 = -5*h + 5*g. Calculate f(h).
-31
Let u(o) = -11*o**3 + 139 + 0*o - 140 + 23*o**3 + 0*o. Let l = 0 + -1. Give u(l).
-13
Suppose -7 = -3*g + 2*k, -3*g = 3*k - 4*k - 8. Let w = g - 4. Let s(x) = -4*x**2 + x. Determine s(w).
-5
Let f(x) = -x**2 + 10*x. Suppose 31*v - 250 = 6*v. What is f(v)?
0
Let j(r) = -5*r**2 - r. Suppose -5*h - 18 + 7 = m, 2*m = -3*h - 8. What is j(h)?
-18
Let p(k) = k**3 - 6*k**2 + 6*k + 4. Let w(f) = -f**2 - 4*f + 1. Let b be w(-3). Suppose -r - 2*j + 4 = r, b*r - 35 = 5*j. Determine p(r).
9
Let g(s) = s + 5. Let n(c) = 1. Let r(y) = g(y) - 5*n(y). Let u(z) = -z - 4 - 2*z + 9*z - 5*z. Let b be u(4). Give r(b).
0
Suppose 0 = b - 5. Let r(j) be the first derivative of -4*j**2 + 7*j + 2*j**3 - 1/4*j**4 + 18. Calculate r(b).
-8
Let z(v) = -v + 8. Let b(d) = -d + 7. Let m(f) = 3*b(f) - 4*z(f). Suppose 2*q - 4*c - 16 = -q, 2*c + 8 = 5*q. Calculate m(q).
-11
Let p be ((-3)/12)/(2/(-4)). Let f(u) be the first derivative of -p*u**2 - u - 9. Determine f(-5).
4
Let d(r) = 5*r**3 - 7*r**2 + 13*r - 16. Let q(p) = -p**3 + p**2 - 2*p. Let b(s) = -d(s) - 6*q(s). Give b(0).
16
Let t(p) = 4*p**2 - 10*p + 10. Let h be t(2). Let b(l) = -l + 2. Calculate b(h).
-4
Let i(l) = 0*l**2 + 2*l**2 - 3*l**2 - 1 + 11*l**2 - 9*l**2. Calculate i(3).
8
Let h(m) = -2*m + 2. Let j be h(-2). Let o(d) be the second derivative of -5*d**3/6 - 5*d**2/2 - 55*d. Let y(z) = -z. Let l(r) = j*y(r) - o(r). Determine l(4).
1
Let j(g) = -3*g**2 - 60*g + 35. Let p(f) = f**2 + 21*f - 12. Let s(r) = -6*j(r) - 17*p(r). What is s(4)?
22
Let l(v) = -5316*v + 5308*v - 1 - 4 - 3. Determine l(6).
-56
Let h(b) be the first derivative of -9 + 1/4*b**4 - 1/2*b**2 - 3*b - 1/3*b**3. Let l be ((-4)/2 + 3)*3. Calculate h(l).
12
Let o(w) = w**3 - 3*w**2 + 4*w - 30. Let q be o(4). Let z(y) be the first derivative of 1/4*y**4 - 1 + y**2 + 0*y - 1/3*y**3. Determine z(q).
8
Let x(z) = -11671 + 11669 + 0*z + 4*z**2 - 2*z. Give x(-1).
4
Suppose 22 = -6*v + 292. Suppose -v = -x - 24. Let a(d) = 12*d**2 - x - 8*d**2 - 3*d**2 + 3*d - 2*d. Calculate a(0).
-21
Let a(u) be the second derivative of -u**5/20 - u**4/3 + 2*u**3/3 - 7*u**2/2 + 3*u. Suppose x = -0*x - 1. Let t be x/(4/(-20))*-1. What is a(t)?
-2
Let b(q) = q**3 + 6*q**2 + 8. Suppose k - 13 = -14. Let u be (-2 + 0/2)*k. Suppose u*x + 18 = -x. Give b(x).
8
Let a(b) be the second derivative of -b**4/4 - 5*b**3/6 - 5*b**2/2 + 248*b. Determine a(-1).
-3
Let c be (-8)/3*(1 - 4). Let a = c - 13. Let f(m) = 31*m - 7 - m - 29*m - 2*m. What is f(a)?
-2
Let z(b) = b**2 + 3*b - 4. Let f be z(-4). Suppose f = -o - 5*p + 13, 4*p - 2*p = 2*o - 2. Let h(q) = 2*q**2 - 1 - 3*q**2 - o*q**2 + 5*q**2. Give h(1).
0
Let a = -7 - -9. Let q(v) = 16 + 3*v - 5 - a*v. Let r(j) = -j - 11. Let n(g) = -5*q(g) - 4*r(g). Calculate n(-8).
-3
Let z(l) = l**2 + 6*l - 1. Let t be 1 + 1 + 73/1. Let i be 240/t + (-1)/5. Let d be i + -1 + 28/(-4). What is z(d)?
-6
Let t(m) = m**3 - 7*m**2 + 5*m - 1. Let u(l) = 9*l - 66. Let h be u(8). Calculate t(h).
-7
Let v = 9 - 7. Let q(f) = -3*f + 0 + 2 - f**v - f. Let x be 7/(28/(-24)) + 3. Determine q(x).
5
Let m be -14 + 18 + 0 + -4. Let t(u) = -u**3 - 2*u + 0*u + u**2 - 3*u**2 + m - 4. Give t(-3).
11
Let c = -256/3 - -1707/20. Let t(u) be the third derivative of 1/12*u**4 + 0 + 7*u**2 - 1/2*u**3 + 0*u - c*u**5. What is t(4)?
-11
Suppose -4*r = -2*r + 12 - 0. Let u(w) = -5*w**2 - w - 1. Let f(q) = -4*q**2 + q + 3*q**2 + 0*q**2 + 1. Let b(d) = -4*f(d) + u(d). Calculate b(r).
-11
Let l(a) = -a - 13. Let h(f) = -3*f - 29. Let g(i) = 4*h(i) - 9*l(i). Give g(1).
-2
Let f(g) = -6*g - 22. Let y(s) = 4. Let x(w) = f(w) + 6*y(w). Calculate x(-6).
38
Let u(l) = l**3 + 10*l**2 - l - 6. Let y be (3 + -3)/(-7) + -10. Give u(y).
4
Let k(i) = -i**2 - 9*i + 14. Let v be k(-10). Let z(n) = n + v*n**2 + 0*n**2 + 3 + 4 - 3*n**2. Let j(b) = 2*b**2 - 11*b - 6. Let p be j(6). Calculate z(p).
7
Let f(t) be the first derivative of -t**2/2 + 10*t + 16. What is f(0)?
10
Suppose -12*p + 9 = -21*p. Let z(v) = -35*v**3 - 2*v**2 - v. What is z(p)?
34
Let l(i) = -11*i - 98. Let q(y) = 4*y + 33. Let v(m) = -6*l(m) - 17*q(m). What is v(17)?
-7
Let m(j) = 2*j - 27. Suppose 4*a = -4*r + r + 50, -r + 2*a = -10. Determine m(r).
1
Let q(g) be the first derivative of 35*g**4/4 - g**3/3 - g**2 - 2*g + 183. What is q(-1)?
-36
Let c(z) = -2*z + 19. Let v be ((-4)/(-12))/(10/210). Calculate c(v).
5
Let o(i) = 0 + i**2 + i + 2*i + 1 - 10*i. Suppose 4*c - 41 = 3*y - 0*y, c + 1 = -3*y. Let f = -1 + c. Calculate o(f).
1
Let x(m) = 0 + 0 - m**2 - 351*m + 348*m. Let b = -6 - -1. Determine x(b).
-10
Let f be 6/((-2)/(-1))*1628/(-111). Let t = f + 43. Let i(z) = 3*z**2. What is i(t)?
3
Suppose s + 2*s = 2*h + 7, -2*s - h + 7 = 0. Let l(y) = y - 3*y - y**2 - 3*y**3 + 3 + 5*y**s + 0. Determine l(2).
11
Let w(s) = -8*s - 3. Let f be 6/(-4)*(-852)/18. Let n = -74 + f. Give w(n).
21
Let p(y) be the first derivative of 1/4*y**4 + 0*y**3 + 2*y + 0*y**2 + 7. Suppose -4*n = 2*b - 3*b - 18, 2 = 3*b + 2*n. Calculate p(b).
-6
Let x(n) be the second derivative of -1/6*n**3 - 2*n - 1/2*n**2 + 0. What is x(6)?
-7
Suppose -s - 66 = 3. Let r = 67 + s. Let w(y) = -4 + y + 2*y**2 + 5 - 2. Give w(r).
5
Let h(g) = -8*g**3 - 4*g**2 + 18*g - 6. Let y(d) = d**2 - d - 7*d + 0*d**2 + 2*d + 3*d**3 + 2. Let b(a) = 4*h(a) + 11*y(a). Suppose -2*v - 12 = -5*v. Give b(v).
6
Suppose 0 = m - 3 - 1. Let o(f) = -f**3 + 3*f**2 + 6*f - 3*f + f + 2*f - 2. Give o(m).
6
Let s(i) = -i**3 - 2*i. Let x = -40 - -37. Let f be 24/(-45)*x - 24/(-60). Determine s(f).
-12
Let i(k) = -k - 10. Let j(u) = 1 - u + u**2 + u - 9 + 2*u. Let s be j(-4). What is i(s)?
-10
Let q(w) = -w**2 - 6*w - 2. Let p = 17 + -13. Suppose -2*m - p - 8 = 0. Calculate q(m).
-2
Let n(g) = -2*g**2 + 3*g. Let y(o) = -2*o**2 + 2*o + 1. Let h be (-7)/3 - (-9)/27. Let v(s) = h*n(s) + 3*y(s). Give v(-3).
-15
Let c(w) = -2*w + 4. Suppose 45 = 2*y - 4*q - 55, y + 2*q - 42 = 0. Let x = y - 41. What is c(x)?
-6
Let u(t) be the first derivative of -1 + 2*t + 3/2*t**2. Let i be (-3)/1 + 1 + 4. Determine u(i).
8
Let f(z) = 5*z**2 - 58*z - 7. Let t be f(12). Let a(q) = q**2 - 18*q + 2. Give a(t).
-15
Let j(v) be the third derivative of v**5/60 + 13*v**4/24 + 2*v**3/3 + 25*v**2 - 5. Give j(-12).
-8
Let a(u) = u**2 + 2*u - 14. Let h be a(-6). Let g be (-2)/8 + 1974/56. Suppose h + g = 5*i. Let v(z) = z**3 - 9*z**2 + z - 3. What is v(i)?
6
Let k(z) = -z - 1. Let p = -35 - -38. Suppose p*t = -4 + 13. Calculate k(t).
-4
Suppose h = 1, -j + 5*h - 8 = -2*j. Let m(y) be the second de